(f) = f**3 + 9*f**2 + 6*f - 6. Suppose 0 = 2*l - l + 8. List the prime factors of c(l).
2, 5
Let s(g) = 22*g**3 + 6*g + 7. Let v(k) = k**3 + k + 1. Let x(p) = -s(p) + 6*v(p). List the prime factors of x(-1).
3, 5
Let g be 14/(-7) + 3*1. Suppose -4*x - 3*l - g = -54, 4*x = 2*l + 78. List the prime factors of x.
17
Suppose 38 = 4*g + n - 3*n, -5*n = g - 15. Suppose 0 = -5*y + g*y + 10. List the prime factors of (y/4)/(3/(-90)).
3, 5
Let y(c) = -c**2 + 7*c. Let w = -6 - -10. List the prime factors of y(w).
2, 3
Suppose 0 = 4*u - u - 63. What are the prime factors of u?
3, 7
Let b = 359 + -207. List the prime factors of b.
2, 19
Let g(x) = -x**3 - 3*x**2 + 4*x + 2. Let z be g(-4). Suppose -z*j + 7*j = 95. List the prime factors of j.
19
Let n = -6 + -2. Let y = 8 + n. Suppose -3*j = -y*j - 18. What are the prime factors of j?
2, 3
Let j(o) be the third derivative of o**6/120 + o**5/12 + o**4/12 - 2*o**3/3 + o**2. Let c be j(-4). Suppose 0*z - c*z = -16. List the prime factors of z.
2
Let i(w) = w**2 - 2*w + 15. What are the prime factors of i(0)?
3, 5
Suppose -2*a - m + 15 = 0, 5*a - 34 = -5*m + 16. Let f(q) = q + 5. What are the prime factors of f(a)?
2, 5
Let t(v) = 2*v**2 + 10*v + 6. Suppose 3*u - 25 = -7. Suppose -3*n + 2*x = x + 18, 0 = -n - x - u. List the prime factors of t(n).
2, 3
Suppose 0 = -3*y + 70 + 8. Suppose -18 = -3*v - 9. Suppose v*i - y = 16. What are the prime factors of i?
2, 7
Suppose -44 = 3*w - 149. Suppose -w = -5*j + 15. What are the prime factors of j?
2, 5
Let i(c) = c**3 + 3*c**2 - 6*c - 6. What are the prime factors of i(-4)?
2
Suppose -5*g = -3*u + 21, -5*g - 30 + 11 = -2*u. List the prime factors of ((-40)/(-4))/(u/3).
3, 5
Suppose 0*a = -3*a - 15. Let m(w) = w + 3. Let c(q) = -1. Let o(v) = -9*c(v) - 2*m(v). What are the prime factors of o(a)?
13
Let z(i) = -i**3 + 8*i**2 - 6*i - 1. Let n(m) = -m**3 + 8*m**2 + 10*m - 7. Let g be n(9). Suppose -3*w + 35 = g*w. List the prime factors of z(w).
2, 3
Let m(z) = -100*z**3. What are the prime factors of m(-1)?
2, 5
Suppose 19 = 14*k - 9. List the prime factors of k.
2
Suppose 6 - 2 = n. Suppose 4*f - f = 2*q - 20, 3*q + 4*f = -n. What are the prime factors of q?
2
Let j(t) = 2*t**2 - 4*t - 5. Let w = 10 + -6. List the prime factors of j(w).
11
Let f = 12 - 0. Let q = f + -2. What are the prime factors of q?
2, 5
Suppose 20*s - 2979 = 321. What are the prime factors of s?
3, 5, 11
Suppose 0 = c - 2*q - 68, 3*c - 155 = 5*q + 51. What are the prime factors of c?
2, 3
Let p be (16/(-12))/((-4)/66). Suppose 21 = i - p. Suppose -3*q + i = 5*g - 0*g, g - q = 7. List the prime factors of g.
2
Let d(h) = h**2 + 11*h - 6. Let a be d(-10). What are the prime factors of 2/3*(-600)/a?
5
Let h(t) = t + 1. Let g be h(-3). List the prime factors of (6/(-6))/(g/22).
11
Let r(d) = d + 13. Suppose 0 = 4*m - 2*m - 4. Suppose 0 = -2*o + 4*b - 18, 18 = -o - o + m*b. What are the prime factors of r(o)?
2
Let z(h) = 1 + h - h**2 - 3*h + 3*h - 5*h. What are the prime factors of z(-3)?
2
List the prime factors of (-382)/(-4) - 1/2.
5, 19
Let t(i) = -i - 1. Let d be t(-3). Suppose -d*k + 2*x = -18, k + x = -3*k + 26. What are the prime factors of k?
7
Suppose -2*s - 2*s - 36 = -5*y, -2*y + 21 = 5*s. Let x be (-2)/y + (-35)/4. What are the prime factors of (-75)/x + 2/(-6)?
2
Suppose 8 = -i + 54. List the prime factors of i.
2, 23
Let f = 11 - 7. Suppose 5*l - x + 5*x + 7 = 0, -f*l = -4*x + 20. Let o = l - -14. List the prime factors of o.
11
List the prime factors of (-3)/((-9)/65)*(1 + 2).
5, 13
Let t = -16 + 25. What are the prime factors of t?
3
Let m = 37 + -25. What are the prime factors of ((-8)/(-3))/(1/m)?
2
List the prime factors of 164 - (0 + -5) - -4.
173
Let o = -6 - -4. Let p be o/5 - 24/(-10). Suppose p*y + 30 = 7*y. What are the prime factors of y?
2, 3
Suppose -3*i - i = -5*f - 192, -i + 4*f + 59 = 0. What are the prime factors of i?
43
Suppose 2*i - 23 = 59. Suppose -i = -4*l + 19. List the prime factors of l.
3, 5
Suppose -m + 7 = -2*m + 4*a, m + 5 = 3*a. Suppose -2*y - y = 0. List the prime factors of 3/(y/1 + m).
3
Let u = 14 + -23. Let m(b) = -b**3 - 8*b**2 + 8*b + 4. What are the prime factors of m(u)?
13
Let p = -28 - -90. What are the prime factors of p?
2, 31
Let x = -19 + 79. What are the prime factors of x?
2, 3, 5
Let p(l) = -l**2 + 6*l - 4. Let c be p(4). List the prime factors of -4*2/(0 - c).
2
Let w be 5/(15/4)*-6. Let k be (7/(-4))/(2/w). Let l = k + 5. List the prime factors of l.
2, 3
Suppose 25 + 3 = 4*t. List the prime factors of 346/14 - (-2)/t.
5
Let y(t) = t**2 + 3*t - 6. Let h = -20 + 14. List the prime factors of y(h).
2, 3
Suppose -9*x = -6*x - 132. Suppose h + 3*c - 4 = 0, -x = -0*h - 5*h - 3*c. What are the prime factors of h?
2, 5
Let l(d) = -d**3 - 4*d**2 - 2*d + 5. Suppose -a = -z - 1, 2*z = 6*z + 4*a + 28. List the prime factors of l(z).
13
Let i = 17 + 50. List the prime factors of i.
67
Let h(a) be the second derivative of a**3/6 + 10*a**2 - 5*a. What are the prime factors of h(14)?
2, 17
Let i(l) = -l**3 + 7*l**2 + 2*l - 5. Let j be i(7). Let a = 23 - j. What are the prime factors of a?
2, 7
Suppose l - 18 = -0*l. What are the prime factors of l/(-27) + (-17)/(-3)?
5
Let n(h) = -h**2 + 20*h + 12. What are the prime factors of n(15)?
3, 29
Let t(s) = 3*s. Let q be t(1). Suppose -128 = -q*v + 76. Suppose 4*n + a - v = -n, 2*n - a = 23. What are the prime factors of n?
13
Suppose i - 4*i + 108 = -j, 15 = 5*j. What are the prime factors of i?
37
Suppose -2*g + 2*a = -324 + 12, -4*a = 2*g - 342. What are the prime factors of g?
7, 23
Let k(b) = 2*b**2 + 14*b + 69. What are the prime factors of k(-8)?
5, 17
Let x(o) = o**3 + 11*o**2 - 10*o - 2. What are the prime factors of x(-10)?
2, 3, 11
Let u(c) = -c**3 - 4*c**2 - 2*c - 6. Let y be u(-4). Suppose 5*h - 187 = y*j, 2*h - 3*j = 7*h - 207. What are the prime factors of h?
3, 13
What are the prime factors of (-306)/(-15) - (-3)/5?
3, 7
Let m be -2*(1 - 2) + 9. Suppose m*j - 16*j + 180 = 0. List the prime factors of j.
2, 3
Let l = 149 + -2. List the prime factors of l.
3, 7
Let m(i) = 4*i**2 - 4*i - 9. What are the prime factors of m(-4)?
71
Let c be 15/10 - 43/2. Let d = 39 + c. List the prime factors of d.
19
Suppose 0 = 5*n - 3*r - 709, -5*n + 4*r = 3*r - 703. What are the prime factors of n?
2, 5, 7
Let t = 319 + -211. What are the prime factors of t?
2, 3
Let l = 23 - 20. Suppose 9 - l = -f - 5*u, 3*f = -2*u + 8. List the prime factors of f.
2
Let b = -5 - -1. Let v(j) = 2*j**2 - 6*j - 4. Let h be v(5). Let l = h + b. What are the prime factors of l?
2, 3
Suppose -3*i = 4*i - 147. What are the prime factors of i?
3, 7
Suppose 3*w + 393 = 6*w. List the prime factors of w.
131
Let n(c) = c + 11. Suppose -6*x + 8*x = 0. What are the prime factors of n(x)?
11
Suppose 3*f - 5*g = f + 59, 4*f - 82 = -2*g. List the prime factors of f.
2, 11
Suppose 5*i - i - 8 = 0. Suppose -i*c = 5*t, 3*c - 3*t + 4 = -38. Let v = -6 - c. List the prime factors of v.
2
Let x = 119 + -74. List the prime factors of x.
3, 5
Suppose w - 25 + 1 = 0. Suppose 5*r - r + w = 0. Let q(z) = -z**3 - 5*z**2 + 6*z + 2. List the prime factors of q(r).
2
What are the prime factors of (-515)/(-11) + (-1 - 13/(-11))?
47
Let i be 2/7 - 38/(-14). Let o be 1*(i - 0) - -1. Suppose 5*b + o*n = 39, -6*n + 12 = b - n. What are the prime factors of b?
7
Suppose -3 + 0 = -q. Let x = q - 2. What are the prime factors of 12/9*x*6?
2
Let c(n) = 2 - n**2 - 1 - 3 + 4*n + 2*n**2. What are the prime factors of c(-6)?
2, 5
Let k be 1*6*(-105)/(-14). Let d = k + -12. List the prime factors of d.
3, 11
Suppose -247 = -5*b + 183. List the prime factors of b.
2, 43
Let x = 17 - -5. List the prime factors of x.
2, 11
Suppose 5*u - 14 = z - 77, 0 = 3*u - 3*z + 33. Suppose 3*b = 50 + 25. Let o = u + b. List the prime factors of o.
2, 3
Let d(s) be the first derivative of 2*s**3 - 2 - 1/4*s**4 + 2*s - 2*s**2. List the prime factors of d(5).
7
Let v = 12 - 12. Suppose v*o + 3*o = 24. What are the prime factors of o?
2
Let z(g) = g**2 - 3*g + 1. Let y be z(7). Let u = y - 15. List the prime factors of u.
2, 7
Let w be (-2)/(-2*(-2)/(-14)). Suppose -10 = -5*z - 5*t, -5*z + 0*t + 10 = t. Suppose -y + w = -5*k, 0*k + z*k = -2*y + 2. What are the prime factors of y?
